11 + 0. What is the tens digit of j?
1
Suppose 0 = -2*t - 3*t. Suppose 0 = 3*b + 3*x + x - 22, b + 2*x - 8 = t. What is the units digit of b?
6
Let c(h) = -h**3 - 5*h**2 + 2*h + 1. Let b be c(-5). Let n = b - 2. Let f = 18 + n. What is the units digit of f?
7
Suppose 0 = -2*g - 11 - 1. Let w = g + 10. What is the units digit of w?
4
Let l(z) = z**3 + 13*z**2 + 6*z - 22. What is the tens digit of l(-12)?
5
Let l(z) = 17*z**2 + 8*z + 6. What is the units digit of l(-3)?
5
Suppose -2898 = -9*r - 0*r. What is the tens digit of r?
2
Let b be (-20)/(-8)*(-6 + 2). Let f = b - -17. What is the units digit of f?
7
Suppose 9*s - 6*s = 15. What is the tens digit of s*-5*(-2)/1?
5
Let v(r) = r**2 - 11*r + 1. What is the tens digit of v(12)?
1
Suppose 20 = -5*d - 5*p, 5*d + 16 = -2*p - p. Let k be (32*1)/d + 1. Let g = k + 24. What is the units digit of g?
9
Suppose -15 = 5*o + 10. Let h = o + 9. Suppose h*x + 1 = 3*p, 4*p + 3*x - 18 = -0*x. What is the units digit of p?
3
Let x = -1 - -2. Let f(a) = -a**3 - a**2 + a - 1. Let u(q) = -2*q**3 + 2*q**2 + 5*q - 3. Let b(k) = x*f(k) - u(k). What is the units digit of b(4)?
2
Let g = 0 + 9. Let l = g + -6. What is the units digit of l?
3
Let l be 3 - 4/2 - -3. Let k(b) = 5*b**2 - l*b**2 + 5*b - 7 - b. What is the units digit of k(-6)?
5
Suppose 2*h = 5*h - 483. What is the tens digit of h?
6
Suppose 3*a = -a + 20. Let s(b) = -3*b - 2. Let n(y) = -7*y - 4. Let h(u) = a*s(u) - 3*n(u). What is the units digit of h(3)?
0
Let y(q) = 2*q**3 - 6*q**2 - q - 11. What is the tens digit of y(5)?
8
Let x = -4 - -15. What is the units digit of x?
1
Suppose -20 = -2*v - 2*v. Suppose 20 = v*s - 0*s. Let m = 12 - s. What is the units digit of m?
8
Let q = 6 + -3. Suppose -t - q = 4*w, 4*w + 18 = 2*t - 12. Suppose i - t = -0*i. What is the units digit of i?
9
Suppose 0 = 3*k - 6*k - 576. What is the units digit of ((-3)/4)/(8/k)?
8
Let r be (-3)/6 - (-22)/4. Let w(f) = f**3 + 8*f**2 + 7*f + 5. Let m be w(-7). Suppose -5*a + m*c + r = 0, 3*a - 21 = -2*a - 3*c. What is the units digit of a?
3
Suppose 2*l - 16 = -3*r, 0*r = r. Let m(n) = -n + 11. What is the units digit of m(l)?
3
Let t(j) = j + 4. Let r be t(5). Suppose -r = -4*g - 3*n, 3*g + n - 8 + 0 = 0. Suppose o + g*o - 12 = 0. What is the units digit of o?
3
Suppose -4*v - 5*a - 1 + 0 = 0, 3*v - 2*a - 5 = 0. Suppose -3*s - v = 8. Let j = 5 + s. What is the units digit of j?
2
Let c = -2 - -11. Suppose -14*y + c*y + 150 = 0. What is the tens digit of ((-24)/y)/(4/(-50))?
1
Suppose -4*w = -12 + 60. Let c = -5 - w. Let k = 13 - c. What is the units digit of k?
6
Suppose 3*t - 56 = 2*t. What is the units digit of t?
6
Let m(y) = -5*y + 17. What is the units digit of m(-5)?
2
Let a(d) = d + 25. What is the units digit of a(12)?
7
Let t be 18/(-27) + 166/6. Let q = t - 18. What is the units digit of q?
9
Suppose -4*i + 4 = -12. What is the units digit of i/(-12) - 55/(-3)?
8
Suppose -2*a = -3*h - a + 7, -4*h = -5*a - 13. Suppose 5*p - h*j - 6 = 3*p, 4*j = p + 9. What is the units digit of p?
7
Suppose -5*c = 8 - 83. What is the units digit of c?
5
What is the units digit of -6*(380/(-12))/5?
8
Let w(g) = g**3 + 6*g**2 + 4*g + 3. Suppose 16 = -5*y - 0*v + 3*v, 2*y = -2*v. What is the tens digit of w(y)?
1
Suppose 5*o = 153 + 952. What is the tens digit of o?
2
Suppose -4*y - d - 21 = 0, -y + d - 4 = -0*y. Let v = y + 0. What is the units digit of (-25)/20*(v - -1)?
5
Let g = 571 - 232. What is the tens digit of g?
3
Let b(v) = v**2 + 10*v - 34. What is the hundreds digit of b(17)?
4
Let w(m) = -2*m - 10. Let p be w(-6). Suppose -a + 170 = 4*g, a = -p*g + 94 - 8. What is the tens digit of g?
4
Suppose 2*t = -5*m - 35, t = -t - 2*m - 32. Let p = t - -40. What is the units digit of p?
5
Suppose -r + 0*r = -2. Let j be r + -1*(-1 + 3). What is the units digit of (j + 4)*2/8?
1
Let p(a) = a**2 - 10*a - 7. Let t = -16 + 28. What is the tens digit of p(t)?
1
Let f be ((-4)/1)/(4/28). Let i = -16 - f. What is the tens digit of i?
1
Suppose -8*d - 3*i = -6*d - 117, -d = -i - 56. What is the tens digit of d?
5
Suppose -3*x = -4*v + 22, -x + 0*x - 3*v = -10. Let j = -5 - x. What is the tens digit of 10 - 0 - (j - -1)?
1
Suppose 5*n - y = -2*y + 430, n + y = 82. What is the tens digit of n?
8
Let r(q) = -2 - 1 + 2*q - 4*q. Let w be r(-4). Suppose -w*d + 28 - 3 = 0. What is the units digit of d?
5
Let c(x) = x**2 + x - 11. Let s be c(0). Let v = s - -29. What is the units digit of v?
8
Let h(o) = -o**2 + 11*o - 9. Let f be h(11). What is the tens digit of (75/f)/(2/(-6))?
2
What is the hundreds digit of 1 - -122 - (-6)/(3 - 0)?
1
Let h(o) = 4*o**2 + o + 1. Let n be h(-1). Suppose -2*i = -n*i + 16. What is the units digit of i?
8
What is the units digit of (-2)/(-6) - (-28)/6?
5
Suppose 0 = -o - 23 + 35. What is the units digit of o?
2
Suppose -2*z - 4*a + 14 = -2*a, 3*z = -4*a + 25. What is the units digit of z?
3
Let i = 41 - 12. What is the tens digit of i?
2
Suppose 2*y + 16 - 46 = 0. Suppose -3*o - 2*n = -5*o + 36, -2*o = -5*n - 39. Suppose -4*q + 5 = -2*r + y, 4*q = 3*r - o. What is the units digit of r?
7
Suppose 0 = 5*y - 2*y - 6, -2*d = -3*y + 22. What is the units digit of 5/(-20) - 66/d?
8
Suppose -456 = -4*k + k + 3*v, -5*k + 2*v + 763 = 0. What is the units digit of k/6 + (-2)/4?
5
What is the tens digit of ((-132)/42 - -3) + 2439/21?
1
Suppose -6*a = -7*a + 80. What is the units digit of 2/(-10) - a/(-25)?
3
Suppose -2*p - 2*a = -46, -2*p = -0*p + a - 47. Suppose 2*z = -0*z + p. What is the tens digit of z?
1
Let j(f) = -f**3 + 7*f**2 + 3*f + 5. Let o be j(8). What is the tens digit of (36/14)/((-5)/o)?
1
Let v(p) = -2*p + 5. Suppose 19 - 4 = -3*h. Let t be v(h). Suppose -2 = x + 1, 0 = -5*l - 5*x + t. What is the units digit of l?
6
Let k(r) = 4*r - 2. Let c be k(8). Suppose 104 = 4*v - 3*a, v = -2*a + 7 + c. What is the units digit of v?
9
Suppose b - 3*b + s + 20 = 0, 5*b - 51 = 3*s. What is the units digit of b?
9
Let f(p) = p - 5. Let g be f(4). Let l(x) = -8*x + 12. Let q(k) = k - 1. Let s(z) = g*l(z) - 5*q(z). What is the tens digit of s(6)?
1
What is the hundreds digit of (-14 + 16)*1*85?
1
What is the tens digit of 171 + (-18)/30 + (-6)/(-10)?
7
Let s(b) = 3*b**2 - 14*b - 1. What is the units digit of s(8)?
9
Let y(w) = w**2 - 4*w + 3. Let c(d) be the first derivative of d**3/3 - 3*d**2 + 5*d + 1. Let b be c(6). What is the units digit of y(b)?
8
Let m(y) = -y**2 - 8*y + 2. What is the units digit of m(-8)?
2
Let v be (-1 - 3)/((-10)/25). Suppose -2*k - v = 3*k. Let o = k + 5. What is the units digit of o?
3
Suppose -3*g + 3*b = -25 + 4, -3*g + 18 = -2*b. Let c = 3 - g. Let v = c + 2. What is the units digit of v?
1
Suppose 0*r - 27 = -3*r - 5*n, 5*r - 26 = -2*n. Let t = r - 3. What is the units digit of 12/t*(-2)/(-4)?
6
Let f = 18 + -7. What is the units digit of f?
1
Let j = -206 + 380. What is the units digit of ((-3)/(-6))/(3/j)?
9
Suppose 2*m - 4 = 14. What is the units digit of m?
9
Let p = -9 - -3. Let l(y) = -y + 4. What is the units digit of l(p)?
0
Suppose -5*z = -4*z + 6. Let g = z - -10. Suppose -1 = g*s - 5. What is the units digit of s?
1
Let k be (-26)/((-3)/(-6)*-4). Let s = 7 + k. What is the units digit of s?
0
Let i(d) = -d**3 + 4*d**2 - d - 2. Let n = -17 + 20. What is the units digit of i(n)?
4
Let j(y) = y**2 - 7*y - 2. Let k be j(7). Let t be (k/(-4))/(1/(-6)). Let x = -2 - t. What is the units digit of x?
1
What is the units digit of (0 - -2)*(-220)/8*-1?
5
Let v be ((-9)/(-3))/(1 - 0). Let p(t) = 2*t - 3. Let q be p(v). Suppose 17 = q*n - x + 1, 0 = -3*n - 4*x + 26. What is the units digit of n?
6
Suppose 0*q - 9 = -3*q. Suppose -12 = 3*x - q*m - 84, 2*m = -4. What is the tens digit of x?
2
Suppose -r = -2*r - 3*x + 13, r - 38 = 2*x. What is the units digit of r?
8
Let v(a) = 30*a**2 + a - 1. What is the tens digit of v(1)?
3
Let j be 2 - (1*-4 - -2). Let z be j + 2 + -1 + 0. Suppose -5*i + 0*i + z = 0. What is the units digit of i?
1
Let r(i) = -i**2 + 6*i - 4. Let k be r(4). Suppose -4*a = k - 12. Suppose -a*d + 3 = 1. What is the units digit of d?
1
Let q(u) = -u + 9. Let j be q(5). Suppose 0 = 4*k - j*b - 16, -2*k - 1 = b - 3. Suppose -22 - k = -3*z. What is the units digit of z?
8
Suppose 0 = -j + x + x - 5, 3*j - 4*x = -11. Let f be 2 +